**2 + 2*y + 2. Suppose -3 = 4*f - 11. Let b be (-3)/(-9)*18/f. Let z = b - 0. Determine l(z).
-1
Let y = -608 + 608. Let p(l) = 2*l**2 - l - 1. Calculate p(y).
-1
Let o(m) be the third derivative of 7*m**5/60 + m**4/8 - m**2 + 12. Determine o(-2).
22
Let o(t) be the second derivative of -t**5/2 - t**4/6 + t**3/3 - t**2/2 - t. Suppose -2*i + 4 = -2. Suppose 0 = 2*y - 5*y + i. What is o(y)?
-11
Suppose 0 = -14*v + 26*v - 36. Let j(u) = -15*u**2 + 55*u + v - 58*u + 13*u**2. Let d(x) = 3*x**2 + x. Let r be d(-1). Give j(r).
-11
Let c(j) be the third derivative of -j**6/120 + j**5/15 + 2*j**3/3 - 3*j**2. Let o(u) = 6*u**3 + 1. Let w be o(-1). Let m = w + 9. Determine c(m).
4
Let y(m) = -5*m**3 - 8*m**2 + m + 8. Let s(k) = -9*k**3 - 15*k**2 + k + 14. Let q(u) = 4*s(u) - 7*y(u). Give q(-4).
12
Let c(s) = 3*s**2 - s + 2. Suppose 195*p - 189*p - 12 = 0. Determine c(p).
12
Let g(q) = -5*q**3 - 5*q**2 - 3*q + 9. Suppose -2*i = -2*t - 7*i + 16, i - 8 = -2*t. Let j(h) = -2*h**3 - 2*h**2 - h + 3. Let f(p) = t*g(p) - 8*j(p). Give f(0).
3
Let y be (-10)/(-3)*9/6. Let o(g) be the third derivative of 0 - 1/6*g**3 + 0*g - 7*g**2 + 1/24*g**4. Determine o(y).
4
Let n(y) = y + 31. Let b(z) = -3*z - 70. Let f(c) = -6*b(c) - 13*n(c). Calculate f(-4).
-3
Suppose 3*r - 9 = 5*o, -8 = -4*r - 2*o + 4. Let j(u) = -u + 1. Give j(r).
-2
Let b be 6/(-2) + -4 + (-1 - -4). Let u(x) be the first derivative of -2*x**3/3 + 2*x**2 - 4*x - 2. Let r(h) = h. Let k(p) = -10*r(p) + u(p). Determine k(b).
-12
Let w(p) = p**2 + 10*p - 5. Let y(a) = 18*a - 2. Let q be y(-1). Let g = 10 + q. Give w(g).
-5
Let d(a) = 10*a + 7. Let u(j) = j**3 + 4*j**2 - 7*j - 5. Let t be u(-5). Let z(o) = -9*o - 6. Let g(c) = t*d(c) + 6*z(c). Determine g(-2).
7
Let y(b) be the second derivative of -b**7/840 + b**6/90 + b**4/24 - 3*b**3/2 + 6*b. Let s(g) be the second derivative of y(g). What is s(2)?
9
Suppose -9*z - 1 + 127 = 0. Let g(p) = -p**2 + 15*p - 16. Give g(z).
-2
Let i(x) = -5*x + 2. Let n be 63/36*(-2 - -10). Let f = n + -11. Determine i(f).
-13
Let d(a) be the first derivative of a**3/3 - 19*a**2/2 + 24*a + 27. Determine d(18).
6
Let b(h) = -h**3 - 11*h**2 - 11*h - 3. Let a be b(-10). Let c(g) = 587*g - 3 - 292*g - 294*g. Determine c(a).
4
Suppose -2 = -3*m - 4*a, 2*a - 6 + 2 = -m. Let u(c) = -c**2 + 2*c + 10. What is u(m)?
-38
Suppose -33 = -5*b - 4*f, -14 = -2*b + 6*f - 8*f. Let w(x) = 2*x**2 - 6*x - 2. Calculate w(b).
18
Let u(n) be the third derivative of 0*n**3 + 0*n + 1/240*n**6 + 0 + 1/30*n**5 - 7*n**2 - 5/24*n**4. Let v(x) be the second derivative of u(x). What is v(-5)?
-11
Suppose -2 = 2*n - 10, 0 = 4*p + 5*n - 12. Let i(d) = 20*d + 3. Determine i(p).
-37
Let i(n) = -n**2 + n + 14. Suppose -160 + 160 = -2*z. Calculate i(z).
14
Let l(a) be the third derivative of a**6/120 - a**5/10 + a**4/24 - a**3/3 - a**2. Let t be 7 - ((-3)/(-9))/((-1)/(-3)). What is l(t)?
4
Suppose 0 = 36*j - 26*j + 100. Let q(w) = w**2 + 8*w - 13. Give q(j).
7
Let d(c) = c**3 - c**2 - 4. Let v = -15 + 23. Suppose -r + 3 = 4*i + 17, 0 = 4*r + 4*i + v. Let x be d(r). Let u(w) = w - 1. Determine u(x).
-1
Let m(o) = o**2 - 3*o - 7. Let v be 38/8 + (-3)/(-12). Let g be m(v). Let n(x) = -x + 3 + 6*x - 3*x - x**2 + x. Determine n(g).
3
Let g(x) = -3*x + 3*x + x**2. Let h(j) = -44*j - 4662. Let i be h(-106). Give g(i).
4
Let r be (-24)/18*15/2. Let u(w) = w - 5. Calculate u(r).
-15
Let s(j) = j - 4. Let t(q) = q**3 + 5*q**2 + 4*q + 2. Let x be t(-2). Let b be x - (0/1 + -3). Determine s(b).
5
Suppose -2*m + 81 = 4*p + p, -2*p = -5*m + 246. Let f = 46 - m. Let h(a) = -4*a - 1. Calculate h(f).
7
Let s(j) be the first derivative of j**3/3 + j**2/2 - 37. What is s(-1)?
0
Let x(d) = -d. Let s(n) = -103*n**3 + 101*n**3 - 3 - 1 + n**2 + 5*n. Let i be s(2). Determine x(i).
6
Suppose -17*z + 173 = 224. Let x(c) = -4*c - 17. Determine x(z).
-5
Suppose 6*j + 36 = -72. Let i = -18 - j. Let t(l) = l**3 - l + 4. Determine t(i).
4
Let y(b) = -b. Let r be 4/3*(-6)/(-2). Suppose 4*l + 44 = -2*s - 2*s, 2*l = 5*s - 50. Let z be r/(-10) - 66/l. Determine y(z).
-4
Let q be (38/(-8) - -4)*(-8)/6. Let c(a) = 0 + 4 - 9*a - a - 3. Calculate c(q).
-9
Let m(f) = f**3 - 6*f**2 + 6. Let g be 2/(((-9)/(-12))/(-3)). Let h(s) = 6*s - 10. Let k(j) = -j + 2. Let v(q) = -2*h(q) - 11*k(q). Let t be v(g). Give m(t).
6
Let f(n) = -n**3 - n**2 + n + 1. Let q(m) = -2*m**3 + 4*m**2 + 11*m + 8. Let p(r) = r + 6. Let a be p(-9). Let i(l) = a*f(l) + q(l). What is i(-6)?
-7
Let o(i) = -i**2 - 9*i + 1. Suppose -27*b + 496 = -89*b. Calculate o(b).
9
Suppose 74*r = 78*r - 12. Let n(j) = 2 - r*j**2 + 2*j + j + 4 - j**3 - 2*j**2. What is n(-5)?
-9
Let n be ((-2)/1)/(8/24). Let m(t) = 2*t + 4. Let g be m(n). Let l(x) = x**3 + 7*x**2 - 7*x + 10. Give l(g).
2
Let m = -2 + 6. Let q be (60/m)/(-3) + 0. Let x(l) = 7*l - 5. Let r(y) = -7*y + 4. Let u(k) = q*x(k) - 6*r(k). Calculate u(1).
8
Suppose 29*m + 50 = 19*m. Let w(y) = y**3 + 5*y**2 - 7*y - 3. Give w(m).
32
Let b(x) = 88*x**2 - 3 + x - 42*x**2 + 3 + x**3 - 40*x**2. Determine b(-6).
-6
Let n = -227 + 233. Let q(m) be the first derivative of 3*m**2 - 1/4*m**4 + 2 + 5/3*m**3 - 6*m. Determine q(n).
-6
Let o(h) = h**2 + 13*h + 9. Let i be 3*-5 - (-9)/3. What is o(i)?
-3
Let c(j) = -2*j - j - 2*j. Determine c(-1).
5
Let h(m) = -m**3 + 15*m**2 + 33*m + 13. Let t be h(17). Let d(z) = z**2 + 4*z - 3. Calculate d(t).
-3
Let h(k) = k**2 + k. Let f be 6/(-27) - 56/(-9). Suppose -r - c - 3 = -6*c, 7 = 5*r - 3*c. Suppose r*j + j = -f. Determine h(j).
2
Let d(x) = x**3 - x**2 - 16*x - 19. Let b be d(5). Let c(n) = -10*n**2 + n - 1. Calculate c(b).
-10
Let d be (0 + 0)/6 - 1*-7. Let z(x) = -6*x**3 + 3*x**3 - 6*x**3 + 7*x**2 - d + 10*x**3. Calculate z(-7).
-7
Let q(r) = r**3 - 14*r**2 + 11*r + 19. Suppose 5*g - 49 = -4*u, -4*g - u + 41 = -7. Give q(g).
-7
Let v be -1 + (-1 - 1) - -6. Suppose h + 6 = -4*q, -4*h - q = 6 + v. Let a(w) = -6 + 7*w + 1 + 4 + 3. Calculate a(h).
-12
Let w(a) = 4. Let p(b) = -b - 21. Let l(r) = -p(r) - 5*w(r). Suppose 2*j - j + 3 = 3*t, 3*j + 5*t = -23. Calculate l(j).
-5
Let n(o) = -5*o**2 - 11 - o**3 + 29 - 17 + 4*o. Suppose 2*k - 39 = 6*k + 3*f, -3*k - 2*f = 28. Determine n(k).
13
Let i(l) = -l + 12. Let d(t) = t - 1. Let j = 14 - 2. Let m be d(j). Let w be i(m). Let x(v) = -5*v - 1. What is x(w)?
-6
Let k(l) = l**3 - 2*l**2 + 2*l + 1. Let n = 141 - 148. Let p be n/(-3) - 3/(-18)*-2. Calculate k(p).
5
Suppose -x = -2*a - 14, x - 5*x - 3*a = -23. Let c(o) = -291 + 0*o - 288 - 2*o + 590. Calculate c(x).
-5
Let s(x) be the second derivative of -5*x**3/6 - 19*x**2/2 - x. Let f be s(-5). Let q(c) be the first derivative of -c**3/3 + 5*c**2/2 + c - 9. Calculate q(f).
-5
Let o(j) = -j**2 - 10*j + 7. Suppose x = 4*b + 37, 50 = -5*b - 0*x + 5*x. What is o(b)?
16
Let f(d) = -78*d - 74*d + 153*d + 1. What is f(-3)?
-2
Let q(b) = b**2 + 3*b - 2. Suppose -2*j = j + 15. Let p = j - -8. Suppose p*u = 5*u + 6. Calculate q(u).
-2
Let v(x) = x**3 - 11*x + 24. Let o be v(-4). Let i(z) = -2*z + 7. Give i(o).
-1
Let p(n) = n**3 + 5*n**2 - 7*n + 7. Let l(g) = -2*g**3 - 17*g**2 - 22*g - 14. Let i be l(-7). What is p(i)?
-42
Let w(h) = -11*h - 7. Let z(d) = 8*d + 21*d + 15 - 6*d. Let r(o) = -o**2 + 22*o + 61. Let k be r(24). Let b(j) = k*w(j) + 6*z(j). What is b(-1)?
4
Let h(g) = 6*g + 0*g**2 + g**3 - 5*g + 3*g + 6*g**2. Suppose -30*l - 15 = -27*l. Give h(l).
5
Let x(d) = 7*d. Let a(z) = z. Let w(h) = 3*a(h) - x(h). What is w(-1)?
4
Suppose -3*l + 57 = 5*x + 26, -4*x + l = -18. Let w(k) be the first derivative of -1/2*k**2 + k - x. Calculate w(6).
-5
Let t(v) = 5*v**2 + 7*v**2 + 9*v**2 - 5 - 20*v**2 + 8*v. Suppose 0 = 5*w + 3*m + 29, w + 5*m = -0 + 3. Calculate t(w).
-12
Let o(p) be the first derivative of 4*p**2 - 43 - 4*p + 1/4*p**4 - 2*p**3. Give o(5).
11
Suppose 0 = -4*t + 3*t. Let u(m) be the first derivative of 6*m + 8 - 1/3*m**3 + 0*m**2. Give u(t).
6
Suppose l = 3*l + 12. Let b(i) = 7*i - 5. Let p(f) = 2*f - 1. Let w(q) = b(q) - 3*p(q). What is w(l)?
-8
Let n(x) = 2*x**3 + 10*x**2 - 5. Let l(o) = -3*o**3 - 11*o**2 + o + 5. Let y(p) = -3*l(p) - 4*n(p). Calculate y(7).
-16
Let o(v) = v**2 - 12*v + 17. Let r be (16/8)/((-2)/(-10)). What is o(r)?
-3
Let k(w) be the first derivative of 5*w**3/3 - w**2/2 + w - 695. Give k(2).
19
